t is the tens digit of j?
3
Suppose -6*b + 3*w = -2*b, -3*w = -b - 9. Suppose h = -3*y - b*h + 360, -2*y - 2*h + 238 = 0. What is the hundreds digit of y?
1
Let s = -301 - -3284. What is the thousands digit of s?
2
Let g(j) = 16*j - 8. Let x be g(5). Suppose 50*f - 51*f + x = 0. What is the tens digit of f?
7
Let k = 17662 - 11982. What is the units digit of k?
0
Let h be 8/(-24) + (-19)/(-3). Suppose h*m = 2*m + 144. What is the tens digit of m?
3
Let f be (-4 + 15/3)/((-1)/3). What is the units digit of 0/(7 - 2) - f?
3
Suppose -r + 12*f = 17*f - 127, -3*r - f + 381 = 0. What is the hundreds digit of r?
1
Let q(f) = -25*f - 79. Let i(n) = -25*n - 79. Let a(m) = -7*i(m) + 6*q(m). What is the units digit of a(9)?
4
Let n = 23 + -20. Suppose -244 = -n*t - 1. What is the units digit of t?
1
Suppose 0*a + 28 = 7*a. Let f = a - -13. What is the units digit of f?
7
Suppose 0 = 3*d + 2*p - 8, -p - 1 = -2*d + d. Suppose -606 = -d*q + h, -6*h = 2*q - 5*h - 610. What is the units digit of q?
4
Let a(p) = -18*p - 3. Let h(l) = -7*l - 4 + 0*l - 4*l - 8*l. Let f(w) = 5*a(w) - 4*h(w). What is the tens digit of f(-1)?
1
Let j(z) = 1635*z - 17. Let a be j(3). Suppose -3*l = -5*x - 10, 3*x - 5*l + 8 = -x. What is the units digit of a/143 + x/11?
4
Let t(c) = 2*c**3 + 2*c**2 - c - 8. Let n be t(4). Suppose -5*o - n = -413. What is the units digit of o?
3
Suppose -2*u = -3*f + 5315, -13*f + 12*f - 3*u = -1757. What is the units digit of f?
9
Let r(l) = 3*l**3 - 9*l + 3. Let j(y) = 4*y**3 + 2*y**2 - 9*y + 4. Let v(n) = -4*j(n) + 5*r(n). Let h = -15 - -8. What is the units digit of v(h)?
3
Let d(u) = -8*u**2 - 31*u - 16. Let i(s) = 7*s**2 + 32*s + 16. Let q(m) = -5*d(m) - 6*i(m). What is the units digit of q(-18)?
2
Suppose -12 = -31*o + 28*o. Suppose 0 = -o*f - 14 + 118. What is the tens digit of f?
2
Let p(o) = o**2 - 3*o - 2. Let l be p(-2). Suppose 0 = 5*s + 5*z - 45, 0 = 4*s + 5*z - 54 + 13. What is the tens digit of ((-54)/(-4))/(s/l)?
2
What is the hundreds digit of 8/2*9*(15 - -5)?
7
Suppose -3 = 21*x - 22*x. Suppose x = -z, 3*u - z - 90 = -2*z. What is the units digit of u?
1
Suppose -r + 1153 = q, -62*r = 3*q - 67*r - 3451. What is the units digit of q?
2
Let s = 587 - 340. What is the units digit of s?
7
Suppose j + 9 = 3*h, -3*j = -j + 6. Suppose 0 = 4*k + 5*y - 863, 5*k + 0*k = h*y + 1120. What is the tens digit of k?
2
What is the units digit of ((-62)/3 + -3)/(14/(-42))?
1
Suppose -35*u + 1972 + 4678 = 0. What is the units digit of u?
0
Let z = -104 - -54. Let p = -30 - z. What is the units digit of p?
0
Suppose 4*d = -4*h + 3264, -3*d = -5*h + 820 - 3236. What is the units digit of d?
2
Let o = -16 + 21. Suppose 4*l = 3*p - 156 - 5, -o*l + 5 = 0. What is the units digit of p?
5
Let i(w) = 45*w**2 + 3*w - 5. Let q be 120/54 + -4*(-4)/(-72). What is the tens digit of i(q)?
8
Let n be 3 + 1 + -1 - -3. Let o be (-146)/n - (-6)/(-9). What is the units digit of (o/(-3))/(1/3)?
5
Let z(d) = -d**2 + 14*d + 6. Suppose 4*g - 8 = j, 3*g + 7 = -2*j + 6*j. Suppose -g*a - 3*s + 17 = -a, 0 = 3*a - 2*s - 45. What is the tens digit of z(a)?
1
Suppose 5*p = -k - 435, 58 = -p - 4*k - 10. Let u be p/(-14) + (-8)/28. Let x(d) = d**3 - 5*d**2 - 5*d + 8. What is the tens digit of x(u)?
1
Suppose 0 = 3*n - 22*n + 12141. What is the hundreds digit of n?
6
Let i(o) = 29*o**3 - 3*o**2. Let a be i(4). Let u be a/(-22) - 14/(-77). What is the units digit of (-8 + u)*4/(-10)?
6
Suppose -h + 25 = -2*v - 2*v, 2*h - 3*v - 45 = 0. What is the tens digit of (h/(-1) + 1)*-4?
8
Let n = 96 + -39. Suppose -54*i = -n*i + 729. What is the tens digit of i?
4
Suppose -8*s = -3*s - 665. Suppose -5*l + 59 = 2*b, -3*b + 5*l + s = b. Suppose -b = -n - n. What is the tens digit of n?
1
Let n = -21 - -18. What is the units digit of (102/(-9))/(2/n)?
7
Let h = 53 + -271. Let c be h/6 + 8/(-12). What is the units digit of -1*1 - (6 + c)?
0
Suppose 2*c - x + 7 = 0, -2*x = -4*x + 2. What is the tens digit of 39 - 2*(-6)/c?
3
Suppose -7*v = -2449 - 3214. What is the hundreds digit of v?
8
Suppose 0 = 57*z - 53*z + 48. Let y = 120 - z. What is the units digit of y?
2
Let d(t) = -4*t**2 - 2 - 4 + 13*t**2 - 7*t. Let z be d(6). Suppose -v + z = l + 3*l, -5*v = -4*l + 276. What is the units digit of l?
9
Suppose 2*g - 121 = -2*a - 343, 4*g + a = -438. Let l = -3 - g. What is the units digit of l?
6
Let y = -155 + 199. What is the units digit of y?
4
Let d(a) = a + 6. Let c be d(-4). Suppose c*b - 16 = 2. Suppose b + 5 = 2*l. What is the units digit of l?
7
Suppose -5*u = 4*k - 60, 0*u - k - 36 = -3*u. Let b = 209 + u. What is the tens digit of b?
2
Suppose -2*f - f = -2*h + 43, 3*h - 4*f - 66 = 0. Let l = 0 + 5. Suppose -z = l - h. What is the units digit of z?
1
Let f(d) = 4*d**2 - 89*d + 72. What is the tens digit of f(29)?
5
Let g(v) = 5*v + 14. Let q be (-1 - (-3)/2)*(32 + -6). What is the units digit of g(q)?
9
Let u = -102 + 506. What is the units digit of u?
4
Let b = 2303 - 1130. What is the thousands digit of b?
1
What is the tens digit of 2651 + (-138)/21 + 15/(-35)?
4
Suppose -35*c - 6 = -38*c. Suppose 43 + 112 = 5*f. Suppose f + c = h. What is the units digit of h?
3
Suppose k = -0 - 0. Suppose 7*f - 336 - 931 = k. What is the units digit of f?
1
Let s = 71 + -34. Suppose z + 0*z - s = 0. What is the tens digit of z?
3
Let y(q) = q**3 + 6*q**2 - 7*q + 2. Let n be 98/35 - (-1)/5. Suppose -n*j - 2*j = -3*r - 8, r + 2*j = -10. What is the tens digit of y(r)?
4
Suppose 0 = -n - 5*l - 6, -l = -n + 4*n + 4. What is the units digit of n/((-1)/(-18))*(-5)/10?
9
Let p = 17 + -17. Suppose p = 4*g - 294 + 58. What is the tens digit of g?
5
Let z(d) = d**2 + 4*d - 1. Let w be z(5). Let s(q) = 2*q - 7. Let f be s(5). Suppose -g - w = -f*g. What is the tens digit of g?
2
Suppose 4*x - 75 = 1121. What is the tens digit of x?
9
Let d be (-3)/(-9) + -2 + 1928/12. Suppose -j + 192 = 4*f, f - 30 = -j + d. What is the tens digit of j?
8
Suppose -u - 336 = 11*u. Suppose -2*w = -1 + 5. What is the units digit of (-5)/(u/(-16) + w)?
0
Let x(y) be the first derivative of y**4/12 - y**3/2 - y**2/2 - 3*y - 1. Let w(q) be the first derivative of x(q). What is the units digit of w(-4)?
7
Suppose -3*f - 19 = -5*g, f = 2*g + 3*f - 14. Suppose -v + 94 = j, -5*j = -3*j + g*v - 194. What is the units digit of j?
2
Let w = -6 - -6. Suppose w*n = -3*n - 33. Let o = n + 36. What is the tens digit of o?
2
Suppose 12090 = f + 14*f. What is the tens digit of f?
0
Let q(m) = 176*m + 20. What is the hundreds digit of q(3)?
5
Suppose 4*s - 2*w - 1 = s, -2*s + 3*w = 1. Suppose -29 = -4*k - s. Let z = k + 2. What is the units digit of z?
9
Suppose 25*d - 110005 = -10*d. What is the tens digit of d?
4
Let d be (-950)/(-15) - (-2)/(-6). Suppose -4*s + d = -7*s. Let o = s + 44. What is the units digit of o?
3
Let t(c) be the first derivative of 5*c**2/2 + 17*c + 8. What is the tens digit of t(9)?
6
Suppose -7*i = -35 - 7. Suppose 4*g - 670 = i. What is the units digit of g?
9
Suppose 0 = 2*d + 4*x - 484, -d - 4*x + 0*x = -244. Suppose -5*z = -4*m - d, -54 = -z - m - 15. What is the tens digit of z?
4
Let w(c) be the third derivative of -31*c**6/120 + 30*c**2. What is the tens digit of w(-2)?
4
What is the units digit of ((-401)/(-5)*-1)/(19/(-285))?
3
Suppose 3*o = -i + 3400, 7*i - 4*i = -2*o + 2276. What is the hundreds digit of o?
1
Suppose -3*w + 28 = w. What is the units digit of w?
7
Let y = 763 + -647. What is the units digit of y?
6
Let u = 1209 + -99. What is the units digit of u?
0
Suppose 10*h = -2617 + 12297. What is the units digit of h?
8
Let s(c) = -2*c + 39. Let b be s(18). Suppose 2*m = b*a - 184, 0*a = 2*a + m - 125. What is the tens digit of a?
6
Suppose 66498 = 42*h - 60972. What is the hundreds digit of h?
0
Suppose -417*u - 9 = -420*u. Suppose 0*h + 3*j = 3*h - 711, 4*j - 704 = -u*h. What is the units digit of h?
6
Suppose 24*u = -2*m + 21*u + 1730, -4*u + 2593 = 3*m. What is the tens digit of m?
5
Let m = -5973 + 10925. What is the tens digit of m?
5
Let s(u) be the second derivative of -7*u**3/6 - u**2/2 + 8*u. What is the units digit of s(-2)?
3
Let z(q) = 223*q**2 + 127*q + 391. What is the units digit of z(-3)?
7
Let g(j) = -j + 1. Let h = -27 + 27. Suppose -2*y + w - 14 = h, 6*y - 3*y = 5*w - 21. What is the